. Let h be n(2). Suppose -80*u + h*u = -288. What is the hundreds digit of u?
1
Let n(i) be the first derivative of i**4/12 - i**3/6 - i**2/2 + 5*i + 7. Let d(j) be the first derivative of n(j). What is the tens digit of d(5)?
1
Suppose l - 4*m = 5918, -7*l + 2*m = -12*l + 29656. What is the thousands digit of l?
5
Let w(u) = 7*u**2 + 26*u + 188. What is the hundreds digit of w(-16)?
5
Suppose -4*c = -k + 3*k - 3088, -5*c = 10. What is the units digit of k?
8
Let p(g) = g**3 + 7*g**2 + 4*g + 2. Let d = -3 + 8. Suppose 0 = -5*m + 15, 6*m - 42 = d*t + 2*m. What is the units digit of p(t)?
4
Suppose -349 - 467 = -3*i. What is the units digit of i?
2
Let c(j) = j**2 - 2*j - 3. Let r be c(3). Suppose r = -14*s + 5*s + 333. What is the units digit of s?
7
What is the thousands digit of (-17)/68 - (25350/8)/(-3)?
1
Let b(m) = -m + 13. Let p be b(10). Let w(j) = -11*j - 9. Let y be w(-1). Suppose -p*i = 6, -4*i - 29 - 63 = -y*d. What is the units digit of d?
2
Let z(o) = 22*o + 1200. What is the tens digit of z(0)?
0
Let u(i) = i**3 + 2*i + 3. Suppose -2*k = -3*g - 4, 3*k + 0*g = 4*g + 7. What is the units digit of u(k)?
8
Let j(r) = 2*r**2 + 9*r - 5. What is the hundreds digit of j(6)?
1
Suppose -g + 333 = 5*n, 4*g - 2*n - n - 1263 = 0. What is the tens digit of g?
1
Let b be 1/(8/(-26))*-4. Let n(w) = -b*w - 1 - 2 + 12*w. What is the units digit of n(-5)?
2
Let s = -27 - -25. Let r(y) = -16*y**3 + 2*y**2 + 6*y. What is the hundreds digit of r(s)?
1
Suppose 2*g = -4*n + n + 80, -2*n + 2*g + 40 = 0. Suppose n + 11 = c. What is the tens digit of c?
3
Suppose -154 = -2*w + 96. Suppose 0 = -b + 3*b - 10, -5*s - 2*b + w = 0. Let l = s - 10. What is the tens digit of l?
1
Let n(s) = -s - 1. Let p be n(-3). Suppose p*r + 6*r - 824 = 0. What is the hundreds digit of r?
1
Let r = 589 + -260. Suppose 17 = -3*n + r. What is the units digit of n?
4
What is the hundreds digit of 1471/(55/(-11) - -6)?
4
Let p(d) = -8*d + 13*d**3 - 13*d**2 + 11*d - 6 - 11*d**3 + 7*d. What is the hundreds digit of p(7)?
1
Let p be (34/(-90) - 18/81)*-10. What is the units digit of (-15)/(-2)*45/25*p?
1
Let b(g) = -21*g + 1. Let w be b(-3). Suppose -5*d + 0*d + 250 = 4*k, -2*d = k - w. What is the tens digit of k?
6
Let v be ((-2)/8*-2)/(2/52). Suppose 583 + 1588 = v*b. What is the hundreds digit of b?
1
Let l(m) = -m**3 + 10*m**2 + 2*m - 15. Let w be 4/22 + 108/11. Let g be l(w). Suppose -2*u + u + 2*n + 29 = 0, 2*u - g*n - 61 = 0. What is the units digit of u?
3
Suppose 0 = -3*v + 2*v. Suppose l - 4*f - 16 = 0, -5*l + v*f + 2*f = -98. What is the units digit of l?
0
Suppose 3*k - 70 = 8*k. Let w(u) = u**3 + 13*u**2 - 19*u + 12. What is the tens digit of w(k)?
8
Let c be 2/(-7) + 12/42. Suppose c*o + o - 20 = 0. What is the tens digit of o?
2
Suppose -3*l + 3 + 12 = 0, 0 = 4*p + 2*l - 2. Let t be (p + -1)/(-6)*134. Suppose 4*r + 5*q = 117, -2*r = -3*q - t - 8. What is the tens digit of r?
3
Let p(u) = -22*u + 591. What is the hundreds digit of p(-5)?
7
Let h(k) = 3*k**3 + 6*k**2 + 7*k - 6. Let u(w) = -w**3 - 1. Let l(f) = -h(f) - 2*u(f). What is the units digit of l(-4)?
4
Let w = -45 + -17. Let t = w + 154. What is the units digit of t?
2
Suppose -4885 = -71*h + 66*h. What is the hundreds digit of h?
9
Let t = -87 - -840. What is the tens digit of t?
5
Let t be 717/(-9)*(-6 + 3)*1. Suppose 337 + t = 8*s. What is the units digit of s?
2
Let y(g) be the first derivative of g**4/4 - 2*g**3/3 - 3*g**2/2 + 9*g + 15. What is the units digit of y(3)?
9
Suppose 5*k - 38 = 5*n - 3*n, 0 = -3*k + 6. Let p = 14 + n. Suppose p*q = -q + 34. What is the units digit of q?
4
Let j(s) = 4*s + 3. Let y be j(7). Let q = y - 13. What is the tens digit of q?
1
Let m(u) = -50*u - 73. What is the units digit of m(-24)?
7
What is the units digit of 188/(-5)*180/(-72)?
4
Let n(a) = a**3 + 31*a**2 + 27*a + 19. What is the units digit of n(-29)?
8
Suppose -28 = -15*m + 152. What is the tens digit of m?
1
Suppose 5*w = 2*v + 983, -4*v - 788 = -4*w - 2*v. What is the units digit of w?
5
Let b be 19 + 3 + 4 + -2. Suppose -5*o + 65 = w, 4*o - 3*w = 3*o + 29. Let r = b - o. What is the tens digit of r?
1
What is the tens digit of (-11779)/(-13) + (-31)/403?
0
Let d(i) = -i**2 + 13*i - 27. Let x be d(10). Suppose 9 + 27 = x*y. What is the units digit of y?
2
What is the tens digit of (-3821)/(-6) + 246/(-36) + 7?
3
Let p(u) = -2*u - 13. Let d(k) = 3*k + 26. Let f(v) = -4*d(v) - 7*p(v). Let h be f(9). Suppose -14 - 1 = h*z, -c = -4*z - 46. What is the tens digit of c?
3
Let l(z) = 27*z**2 + z. Let i be l(5). Suppose -17*q + 9*q = -i. What is the units digit of q?
5
Let j be (3 + -6)/(-27) + 492/(-54). Let t(s) be the second derivative of s**5/20 + 3*s**4/4 - s**3/3 + 9*s**2/2 + s. What is the tens digit of t(j)?
2
Let o(u) = -u**3 - 5*u**2 + 10*u + 6. Let v be (7*-1)/(-7 + 8). Let c be o(v). Suppose -c = -0*x - 2*x. What is the tens digit of x?
1
Let p be 44/(-154) - (1094/(-7) + 1). Suppose 4*v - 2*i = i + p, 95 = 2*v - 5*i. What is the units digit of v?
5
Suppose 7*m - 8*m - 398 = -4*d, 6 = -3*d. What is the tens digit of (44/77)/((-4)/m)?
5
Suppose 2*z - b = 52, 69 = 4*z + 2*b - 35. Let c = -19 + 17. What is the tens digit of 334/z + c/(-13)?
1
Let i(v) = v - 6. Let a be i(0). Let p be a/2 + (-1 - -5). Suppose -3*k + 19 = p. What is the units digit of k?
6
What is the units digit of (-37372)/(-24) + (-2 + 1)/6?
7
Let i(x) = -34*x - 81. What is the hundreds digit of i(-7)?
1
Let n(i) = -9*i + 144. Let w be n(0). Suppose -2*c - 2*c = -w. What is the units digit of c?
6
Suppose -3*x = -21 + 45. What is the hundreds digit of (-2)/x + 3375/20?
1
Let k be 405/10*(-66)/(-9). Let q = k - 185. What is the tens digit of q?
1
Suppose -3*q + 0*r + 35 = r, 15 = q + 2*r. Suppose 17*a - 72 = q*a. What is the units digit of a?
2
Let t = 20 - 18. Suppose 3*o = -3*k - 2*o, -k + t*o = -11. Let s = 10 + k. What is the tens digit of s?
1
Let k(l) = -22*l**2 - l - 5. Let h(x) = -x**2 - x - 1. Let n(b) = 4*h(b) - k(b). What is the units digit of n(2)?
7
Suppose -6*c + 7*c = -5*l + 325, -5*c + 1517 = -2*l. What is the tens digit of c?
0
Let l(p) = p**3 - 10*p**2 + 9*p + 11. Let d be ((-2)/(-4))/(4/32). Suppose -3*n - n + 52 = d*y, 29 = 5*y - 4*n. What is the units digit of l(y)?
1
Let v = 846 - 522. What is the hundreds digit of v?
3
Let t = -262 + 123. Let o = t + 376. What is the tens digit of o?
3
Suppose 0 = 5*u + 508 - 2368. What is the units digit of u?
2
Suppose t = -4, 2*t + 37 + 92 = q. Let s = q - 81. What is the tens digit of s?
4
Suppose -4*k - 4*h + 1186 = 358, -4*k + 2*h = -846. Let j be k/40*(-128)/(-2). Suppose 6*f = 114 + j. What is the units digit of f?
5
Suppose -4*y - 2*f = -9*y + 1601, -y - f + 316 = 0. What is the hundreds digit of y?
3
Suppose -730 = -11*f + 6*f + 2*t, 5*t + 313 = 2*f. What is the hundreds digit of f?
1
Let z be (-5 + -1)*9/(-18). Suppose 225 = 5*t + z*m, t + 3*m - 15 = 30. What is the tens digit of t?
4
Let w = -61 + 593. What is the tens digit of w?
3
Suppose 4*v + 2*l = 20, 7*l = -3*v + 4*l + 21. Suppose -5*a - 4*d = -13, -5*d = -0*a - v*a - 7. Suppose -o - a + 5 = 0. What is the units digit of o?
4
Let k(m) = m + 7 + 2 - 2*m**2 - 4 + 3*m. Let j be k(-5). Let b = j + 99. What is the tens digit of b?
3
Suppose 6 = -4*p + 6*p. Suppose -p*j - 5*x + 34 + 97 = 0, j - 44 = -2*x. What is the units digit of j?
2
Suppose 9*j - 2038 - 5 = 0. What is the tens digit of j?
2
Let b(y) = -y**2 + 8*y - 10. Let g be b(4). Let k(j) = j**3 - 3*j**2 - 4*j + 3. What is the units digit of k(g)?
7
Let g(i) = -i**3 + 8*i**2 - 3*i - 2. Suppose 3*b - 28 = -b. Let k be (2 + b - 0) + -2. What is the tens digit of g(k)?
2
Let k(w) = -2*w**3 - 32*w**2 + 26*w + 27. What is the hundreds digit of k(-17)?
1
Suppose -g - 9*q + 84 = -7*q, -4*q = -12. Let z = g + 95. What is the tens digit of z?
7
What is the units digit of 1746 + 4 + 0/3?
0
Suppose -5*i + h + 1426 = 0, 5*h = 10*h + 5. What is the tens digit of i?
8
Let j = 7971 - 4377. What is the units digit of j?
4
Suppose 13 = 5*r + 43. Let f = r + 4. What is the units digit of (-1)/f - 18/(-12)?
2
Let u(a) = -74*a - 16. What is the tens digit of u(-5)?
5
Let l(j) = j. Let g be l(4). Suppose 0 = 3*o - 2*v - 12, 2*o + 2*o + 4 = -g*v. Suppose -o*d - 36 = -2*t, t - 90 = -4*t